tors of 186600.
2, 3, 5, 311
What are the prime factors of 1378650?
2, 3, 5, 7, 13, 101
What are the prime factors of 4307510?
2, 5, 430751
What are the prime factors of 11758420?
2, 5, 101, 5821
List the prime factors of 463961.
19, 24419
What are the prime factors of 267010?
2, 5, 26701
What are the prime factors of 2967693?
3, 989231
What are the prime factors of 1516490?
2, 5, 139, 1091
What are the prime factors of 28430905?
5, 5686181
What are the prime factors of 132103?
132103
List the prime factors of 939635.
5, 187927
List the prime factors of 1154222.
2, 577111
List the prime factors of 3816129.
3, 1272043
List the prime factors of 53839.
17, 3167
List the prime factors of 237090.
2, 3, 5, 7, 1129
List the prime factors of 3963805.
5, 17, 46633
What are the prime factors of 2761279?
2761279
What are the prime factors of 13186132?
2, 47, 70139
What are the prime factors of 261160?
2, 5, 6529
What are the prime factors of 56110?
2, 5, 31, 181
List the prime factors of 140221.
140221
What are the prime factors of 25721?
17, 89
List the prime factors of 388455.
3, 5, 19, 29, 47
List the prime factors of 161982.
2, 3, 8999
What are the prime factors of 668232?
2, 3, 9281
What are the prime factors of 25692172?
2, 11, 109, 487
What are the prime factors of 5308164?
2, 3, 147449
What are the prime factors of 216655?
5, 43331
List the prime factors of 14498592.
2, 3, 151027
What are the prime factors of 2402671?
131, 18341
List the prime factors of 11630142.
2, 3, 17, 41, 103
What are the prime factors of 55379?
79, 701
List the prime factors of 3080614.
2, 769, 2003
List the prime factors of 1097030.
2, 5, 11, 9973
What are the prime factors of 8580378?
2, 3, 1430063
List the prime factors of 21257442.
2, 3, 47, 25127
What are the prime factors of 6210854?
2, 13, 238879
What are the prime factors of 840671?
13, 64667
What are the prime factors of 266711?
266711
List the prime factors of 3714663.
3, 181, 6841
List the prime factors of 230243.
13, 89, 199
What are the prime factors of 8461242?
2, 3, 277, 1697
List the prime factors of 940802.
2, 103, 4567
List the prime factors of 1172490.
2, 3, 5, 11, 17, 19
What are the prime factors of 1936226?
2, 968113
What are the prime factors of 2246074?
2, 17, 31, 2131
List the prime factors of 1865840.
2, 5, 83, 281
List the prime factors of 418791.
3, 139597
What are the prime factors of 63933?
3, 101, 211
What are the prime factors of 1046375?
5, 11, 761
List the prime factors of 56544.
2, 3, 19, 31
List the prime factors of 17051645.
5, 13, 19, 13807
List the prime factors of 16424799.
3, 61, 89753
List the prime factors of 47607.
3, 7, 2267
List the prime factors of 33162308.
2, 17, 487681
What are the prime factors of 3339814?
2, 29, 89, 647
What are the prime factors of 7750312?
2, 41, 23629
List the prime factors of 61033.
7, 8719
List the prime factors of 21095444.
2, 5273861
What are the prime factors of 346470?
2, 3, 5, 11549
What are the prime factors of 215200?
2, 5, 269
List the prime factors of 124875.
3, 5, 37
What are the prime factors of 87035?
5, 13, 103
List the prime factors of 995993.
131, 7603
List the prime factors of 11687422.
2, 5843711
What are the prime factors of 203776?
2, 199
What are the prime factors of 2434339?
2434339
List the prime factors of 13156.
2, 11, 13, 23
What are the prime factors of 30628419?
3, 10209473
What are the prime factors of 647149?
61, 103
What are the prime factors of 1362641?
7, 27809
List the prime factors of 31183767.
3, 3464863
What are the prime factors of 4786829?
23, 73, 2851
What are the prime factors of 28189046?
2, 19, 39043
What are the prime factors of 8756600?
2, 5, 43783
List the prime factors of 14147901.
3, 1571989
What are the prime factors of 875833?
7, 125119
What are the prime factors of 3349321?
3349321
What are the prime factors of 4058890?
2, 5, 11, 36899
List the prime factors of 14620180.
2, 5, 23, 37, 859
List the prime factors of 158304.
2, 3, 17, 97
What are the prime factors of 363530?
2, 5, 36353
List the prime factors of 1169265.
3, 5, 77951
What are the prime factors of 375188?
2, 11, 8527
What are the prime factors of 2195274?
2, 3, 89, 4111
List the prime factors of 638793.
3, 59, 401
List the prime factors of 19485003.
3, 337, 19273
What are the prime factors of 23773824?
2, 3, 2293
What are the prime factors of 208223?
208223
List the prime factors of 5628240.
2, 3, 5, 7817
List the prime factors of 3863829.
3, 601, 2143
List the prime factors of 541259.
23, 101, 233
What are the prime factors of 4371533?
17, 137, 1877
List the prime factors of 30199.
13, 23, 101
What are the prime factors of 2482993?
2482993
List the prime factors of 1282551.
3, 427517
What are the prime factors of 688298?
2, 13, 23, 1151
List the prime factors of 346713.
3, 115571
List the prime factors of 552356.
2, 7, 19727
List the prime factors of 20027348.
2, 11, 455167
What are the prime factors of 308730?
2, 3, 5, 41, 251
What are the prime factors of 20692227?
3, 6897409
What are the prime factors of 1019328?
2, 3, 5309
What are the prime factors of 4089908?
2, 83, 97, 127
List the prime factors of 377566.
2, 7, 149, 181
List the prime factors of 854913.
3, 17, 16763
What are the prime factors of 1002825?
3, 5, 4457
List the prime factors of 489460.
2, 5, 24473
List the prime factors of 1222187.
1222187
What are the prime factors of 45271661?
19, 79, 30161
List the prime factors of 16703118.
2, 3, 309317
What are the prime factors of 19746247?
167, 317, 373
List the prime factors of 1509174.
2, 3, 83843
List the prime factors of 517439.
13, 53, 751
List the prime factors of 1357078.
2, 47, 14437
What are the prime factors of 4467790?
2, 5, 229, 1951
List the prime factors of 406309.
406309
What are the prime factors of 238461?
3, 101, 787
List the prime factors of 88596.
2, 3, 23, 107
List the prime factors of 47251.
47251
What are the prime factors of 16123580?
2, 5, 11, 83, 883
What are the prime factors of 2429371?
7, 43, 1153
List the prime factors of 98065.
5, 11, 1783
What are the prime factors of 1746149?
41, 42589
List the prime factors of 100557.
3, 11173
List the prime factors of 2659414.
2, 1329707
What are the prime factors of 92447?
193, 479
List the prime factors of 23570853.
3, 197, 39883
What are the prime factors of 40114908?
2, 3, 1114303
List the prime factors of 112923.
3, 12547
What are the prime factors of 3831417?
3, 425713
What are the prime factors of 542434?
2, 271217
List the prime factors of 8962785.
3, 5, 13, 5107
List the prime factors of 11303584.
2, 353237
List the prime factors of 771235.
5, 154247
List the prime factors of 15577446.
2, 3, 2596241
List the prime factors of 93650.
2, 5, 1873
List the prime factors of 392900.
2, 5, 3929
List the prime factors of 5185841.
19, 191, 1429
What are the prime factors of 42014?
2, 7, 3001
List the prime factors of 13770473.
223, 61751
What are the prime factors of 815463?
3, 11, 8237
What are the prime factors of 18233567?
11, 113, 14669
List the prime factors of 1265306.
2, 7, 90379
List the prime factors of 1112819.
47, 23677
What are the prime factors of 378484?
2, 94621
List the prime factors of 2808866.
2, 331, 4243
What are the prime factors of 1416255?
3, 5, 263, 359
What are the prime factors of 1194629?
269, 4441
List the prime factors of 3535277.
3535277
What are the prime factors of 253240?
2, 5, 13, 487
List the prime factors of 2055532.
2, 139, 3697
List the prime factors of 10513748.
2, 7, 89, 4219
List the prime factors of 1190378.
2, 7, 85027
List the prime factors of 806505.
3, 5, 7, 7681
What are the prime factors of 390427?
29, 13463
What are the prime factors of 432292?
2, 7, 15439
List the prime factors of 5091819.
3, 271, 6263
List the prime factors of 1081009.
151, 7159
What are the prime factors of 745523?
79, 9437
List the prime factors of 101582.
2, 13, 3907
What are the prime factors of 186128?
2, 11633
What are the prime factors of 1027226?
2, 23, 137, 163
What are the prime factors of 6257988?
2, 3, 11, 15803
What are the prime factors of 400736?
2, 7, 1789
What are the prime factors of 2592252?
2, 3, 13, 29, 191
What are the prime factors of 1614426?
2, 3, 11, 61, 401
List the prime factors of 419442.
2, 3, 53, 1319
List th